05?
35
What is the highest common divisor of 705 and 22842?
141
What is the highest common factor of 1169 and 7?
7
Calculate the highest common factor of 85 and 272.
17
What is the greatest common factor of 2948 and 209?
11
What is the greatest common factor of 272 and 34?
34
What is the greatest common factor of 8 and 424?
8
Calculate the greatest common divisor of 9537 and 374.
187
Calculate the highest common divisor of 75 and 3.
3
What is the highest common divisor of 1219 and 159?
53
Calculate the greatest common divisor of 3473 and 253.
23
Calculate the greatest common divisor of 210 and 30.
30
What is the greatest common factor of 1695 and 15?
15
Calculate the greatest common divisor of 31482 and 18.
18
Calculate the greatest common factor of 427 and 61.
61
Calculate the highest common divisor of 99 and 1617.
33
What is the greatest common divisor of 121 and 11?
11
What is the highest common factor of 394 and 10?
2
What is the greatest common factor of 77 and 41734?
77
What is the highest common divisor of 2212 and 79?
79
What is the highest common divisor of 1512 and 72?
72
What is the greatest common factor of 10 and 20?
10
Calculate the greatest common factor of 264 and 165.
33
What is the greatest common factor of 852 and 108?
12
What is the highest common factor of 912 and 40?
8
Calculate the highest common divisor of 16 and 8336.
16
Calculate the highest common divisor of 338 and 16562.
338
What is the highest common divisor of 308 and 112?
28
Calculate the greatest common divisor of 16 and 13304.
8
Calculate the highest common divisor of 99 and 209.
11
What is the greatest common factor of 50 and 160?
10
What is the highest common factor of 96 and 416?
32
What is the greatest common divisor of 546 and 42?
42
Calculate the greatest common factor of 2277 and 6578.
253
What is the highest common factor of 48 and 1296?
48
What is the highest common factor of 15503 and 37?
37
What is the greatest common factor of 8 and 50?
2
What is the greatest common divisor of 73 and 2774?
73
What is the highest common factor of 7701 and 151?
151
What is the greatest common divisor of 169 and 13?
13
Calculate the highest common divisor of 56795 and 614.
307
Calculate the highest common divisor of 114 and 96.
6
Calculate the greatest common factor of 570 and 90.
30
What is the greatest common factor of 475 and 19?
19
Calculate the highest common factor of 57 and 665.
19
Calculate the greatest common divisor of 1 and 11.
1
Calculate the greatest common factor of 45765 and 226.
113
What is the highest common factor of 2668 and 322?
46
What is the highest common factor of 27 and 147?
3
Calculate the highest common factor of 532 and 76.
76
What is the highest common divisor of 24 and 15?
3
Calculate the greatest common factor of 10132 and 51.
17
What is the highest common factor of 315 and 144?
9
What is the highest common divisor of 144 and 64?
16
Calculate the highest common divisor of 27 and 1.
1
Calculate the highest common factor of 2160 and 544.
16
What is the highest common factor of 22654 and 94?
94
Calculate the greatest common factor of 11 and 1727.
11
Calculate the greatest common factor of 12 and 972.
12
Calculate the greatest common divisor of 19 and 171.
19
Calculate the greatest common divisor of 84587 and 674.
337
Calculate the highest common factor of 17466 and 142.
142
Calculate the highest common divisor of 132 and 363.
33
What is the highest common factor of 55 and 275?
55
What is the highest common divisor of 55 and 33?
11
Calculate the greatest common factor of 190 and 2375.
95
What is the highest common factor of 150 and 400?
50
What is the highest common divisor of 840 and 5320?
280
Calculate the greatest common divisor of 174 and 654.
6
Calculate the greatest common factor of 7785 and 45.
45
Calculate the highest common factor of 18 and 554.
2
Calculate the highest common divisor of 1957 and 19.
19
Calculate the greatest common factor of 2816 and 44.
44
What is the highest common divisor of 25 and 29100?
25
What is the highest common divisor of 9 and 237?
3
What is the greatest common divisor of 36 and 64?
4
Calculate the highest common divisor of 963 and 214.
107
What is the greatest common divisor of 6 and 1533?
3
Calculate the greatest common divisor of 94 and 4.
2
Calculate the greatest common factor of 21 and 147.
21
Calculate the highest common factor of 2032 and 1143.
127
What is the highest common factor of 495 and 45?
45
What is the highest common factor of 319 and 99?
11
What is the greatest common divisor of 20 and 15?
5
Calculate the greatest common factor of 2385 and 180.
45
What is the highest common factor of 12 and 6216?
12
Calculate the greatest common factor of 5 and 1255.
5
Calculate the greatest common divisor of 636 and 1113.
159
Calculate the greatest common divisor of 108 and 264.
12
Calculate the greatest common divisor of 2720 and 160.
160
Calculate the greatest common divisor of 4015 and 55.
55
Calculate the highest common divisor of 22 and 50.
2
Calculate the greatest common factor of 64 and 142144.
64
Calculate the highest common factor of 195 and 60.
15
Calculate the highest common factor of 52 and 11804.
52
What is the greatest common factor of 32 and 160?
32
What is the highest common factor of 1652 and 7?
7
What is the greatest common factor of 122 and 793?
61
Calculate the greatest common divisor of 4662 and 168.
42
Calculate the greatest common factor of 923 and 71.
71
What is the greatest common divisor of 28 and 4438?
14
What is the greatest common factor of 6980 and 20?
20
Calculate the greatest common factor of 276 and 46.
46
Calculate the highest common factor of 300 and 120.
60
Calculate the greatest common factor of 21350 and 10.
10
Calculate the highest common divisor of 111 and 407.
37
What is the greatest common divisor of 63 and 1799?
7
What is the greatest common divisor of 1100 and 200?
100
What is the highest common factor of 10 and 145?
5
What is the highest common divisor of 784 and 441?
49
Calculate the greatest common factor of 32 and 416.
32
What is the greatest common factor of 672 and 6?
6
Calculate the greatest common divisor of 1482 and 627.
57
Calculate the highest common divisor of 10742 and 524.
262
What is the highest common divisor of 509 and 32?
1
Calculate the highest common divisor of 28633 and 76.
19
What is the greatest common factor of 6 and 33?
3
Calculate the greatest common divisor of 1 and 511.
1
Calculate the greatest common divisor of 1575 and 63.
63
Calculate the greatest common divisor of 39 and 2.
1
What is the greatest common divisor of 1645 and 35?
35
What is the highest common factor of 469 and 1809?
67
What is the greatest common factor of 1798 and 116?
58
What is the greatest common divisor of 216 and 24?
24
Calculate the greatest common divisor of 43 and 1462.
43
Calculate the greatest common factor of 1207 and 1003.
17
What is the greatest common divisor of 17 and 2958?
17
What is the greatest common divisor of 8 and 72?
8
What is the greatest common divisor of 106 and 4611?
53
What is the greatest common factor of 44 and 5918?
22
Calculate the greatest common factor of 91 and 112.
7
Calculate the highest common factor of 1 and 2.
1
What is the highest common divisor of 432 and 702?
54
Calculate the greatest common divisor of 464 and 3364.
116
What is the greatest common divisor of 429 and 143?
143
What is the greatest common divisor of 8800 and 110?
110
What is the highest common divisor of 135 and 30?
15
What is the highest common factor of 378 and 108?
54
Calculate the greatest common factor of 585 and 360.
45
Calculate the highest common divisor of 119 and 85.
17
Calculate the greatest common divisor of 260 and 80.
20
What is the greatest common factor of 783 and 29?
29
What is the highest common divisor of 18938 and 34?
34
What is the greatest common factor of 114 and 1842?
6
What is the greatest common factor of 33 and 1221?
33
What is the greatest common divisor of 324 and 132?
12
What is the greatest common factor of 2210 and 102?
34
Calculate the greatest common divisor of 8375 and 67.
67
Calculate the greatest common factor of 18 and 6.
6
What is the highest common divisor of 7258 and 38?
38
What is the greatest common divisor of 2